 33.
26
Let j(y) = 2*y - 2. Let b be j(2). Suppose 2*x + 80 = 5*p - 2*x, 4*p - 64 = -b*x. Calculate the remainder when 117*6/(-126)*-14 is divided by p.
14
Suppose -139*u - 148*u - 8820 = -347*u. Calculate the remainder when 1441 is divided by u.
118
Let q(f) = 3*f**2 + 3*f - 5. Suppose -5*c = -5, -5*m + 176 + 90 = c. Suppose -m + 5 = -4*h. Calculate the remainder when q(-4) is divided by h.
7
What is the remainder when 2244 is divided by (18 - (-2112)/(-120))/((-11188)/11190 + 1)?
6
Let m = -162 + 165. Suppose 4 = k, m*r - 34 = 2*r - 4*k. What is the remainder when 123 is divided by r?
15
Suppose 62*j - 67*j + 100 = 0. Let n = j + 482. What is the remainder when n is divided by 22?
18
Let k = 18435 - 18220. Calculate the remainder when 4079 is divided by k.
209
Calculate the remainder when 504 is divided by 9/(-21) + 4235/49.
74
Let f be 16/(-88) + 548/(-11). Let q be (66/5)/(15/f). Let a = 57 + q. What is the remainder when 77 is divided by a?
12
Suppose x = -2*x + 3. Let s(y) = 6*y**2 - 2*y + 1. Let c be s(x). Suppose 2*h + 34 = 4*k, -6*k = -k - c*h - 45. Calculate the remainder when 21 is divided by k.
5
Let a be (-134)/(-4)*(-9 - 3)/6. Let d = -48 - a. What is the remainder when 96 is divided by d?
1
Let a = 6907 + -6712. What is the remainder when a is divided by 42?
27
Let m(z) = 12*z**2 + 33*z - 17. Calculate the remainder when m(4) is divided by 98.
13
Let a = -38 - -68. Suppose -186*v + 879 = -2655. Suppose 5*l = -2*i + v, -8 - a = -5*i - 3*l. What is the remainder when 25 is divided by i?
4
Suppose 2*l + 14 = 3*l. Suppose 0 = 129*s + 110*s + 848*s - 16305. What is the remainder when s is divided by l?
1
Suppose -2*f - 3 - 1 = 0, 5*t - 407 = f. Suppose 3*x - 5*n - 325 = 0, -x + 4*n + 66 = -54. Suppose 5*w - x = 5. Calculate the remainder when t is divided by w.
18
Suppose 0 = -4*h + 3*t + 317, -h - 3*h + 327 = -t. What is the remainder when h is divided by 652/36 - (2/(-15))/(1698/(-14150))?
15
Let w = 20 - 40. Let r be ((-27)/(-6))/(15/w). Calculate the remainder when ((-69)/r)/(2/4) is divided by 13.
10
Calculate the remainder when 7520/24*(-6)/(-5) is divided by 79.
60
Let q = 3659 - 3611. Let w(p) = 4*p**2 - 5*p + 8. Calculate the remainder when q is divided by w(3).
19
Let w = -19007 + 19064. Calculate the remainder when 2103 is divided by w.
51
Let o(r) = 195*r - 2297. Calculate the remainder when o(33) is divided by 38.
34
Calculate the remainder when (-20 - 11989)/(-38 - -37) is divided by 84.
81
Suppose q - 2 = 0, -4*z - 3*q + 46 = 2*q. Calculate the remainder when 1111 is divided by z.
4
Let j = -442 + 282. Let x = 165 + j. What is the remainder when 43 is divided by x?
3
Let d = 109 + -49. Suppose -d = -2*p - 2*p. Suppose -2*n + 88 = 3*l, 2*n - 176 = -2*n - l. What is the remainder when n is divided by p?
14
Let o(r) = r**2 - 37*r - 728. What is the remainder when 1558 is divided by o(52)?
50
Let q(g) = 3*g**2 + 5*g + 6. Suppose 2*s - 40 = 2. Let v = s - 16. What is the remainder when q(-4) is divided by v?
4
Suppose 4*i = -5*a + 900, -2*i + 1529 = 2*a + 1171. Calculate the remainder when a is divided by 56.
16
Suppose c = 11*c - 240. Let x(q) = 2*q - 54. Let g be x(c). Calculate the remainder when (-33)/22*112/g is divided by 16.
12
Let k(l) = -3*l**2 - 20*l + 643. Calculate the remainder when 200 is divided by k(-18).
14
Suppose -32*r = -59*r + 648. Calculate the remainder when 348 is divided by r.
12
Let h = 63 + -13. Let i = h - -15. Calculate the remainder when 187 is divided by i.
57
Calculate the remainder when (-9)/72 - (-2050)/(-4)*9/(-36) is divided by 31.
4
Let r(x) = x**2 - 19*x + 24. Let z be r(17). Let f be 52 - z*(-2)/5. What is the remainder when -1 + 120/(-9)*f/(-10) is divided by 16?
15
Suppose 1 = v, t - 121 = 3*v + 370. Suppose -t = -4*d + 58. Let c(x) = 6*x**3 - x**2 + x + 1. What is the remainder when d is divided by c(2)?
44
Suppose -3*d + 5*o = -53, -2*d + 9 = 3*o - 1. Suppose -16 = -d*c + 15*c. Let l = c - -8. What is the remainder when 6 is divided by l?
2
Let v = 134 + 501. Suppose 431 - v = -3*x. What is the remainder when x is divided by 10?
8
Suppose -4*i - w = -35, -5*i + 5*w + 48 = 2*w. What is the remainder when 52/442*17*(14 - 8/(-4)) is divided by i?
5
Let v = -239 - -353. What is the remainder when 182 is divided by v?
68
Suppose 0 = -o + 5*x - 1114 + 1182, 5*o + 5*x - 220 = 0. Suppose 3*p = p + 48. Suppose -28 = -2*b + p. Calculate the remainder when o is divided by b.
22
Suppose -5*l = 5*o - 270, -5*l + 186 = -4*o - 111. What is the remainder when 506 is divided by l?
50
Let f be ((-12)/(-1))/(-4) + -25. Let t = 31 + f. Calculate the remainder when 41 is divided by 5/t*(-135)/(-15).
11
Calculate the remainder when 84*((6/(-9))/((-32)/(-36)) - -1) is divided by 4.
1
Let i = -837 + 841. Suppose 0 = 4*r - d - 64, 3*r = -0*d + 4*d + 35. Let c = r + i. Calculate the remainder when 79 is divided by c.
16
Let g = 28 - 25. Suppose g*a + a - 340 = 0. Suppose 4*u + u = a. Calculate the remainder when 46 is divided by u.
12
Calculate the remainder when (-214 + 229)*(1 + 10) is divided by ((-6)/9)/(4/(-318)).
6
Let m(l) = l**3 - 8*l**2 + 7*l + 3. Let s be m(7). Let b = 865 + -805. Suppose 36 = 3*i - s*z, i + z + b = 5*i. Calculate the remainder when 45 is divided by i.
13
Let g(z) = -35*z + 1. Suppose -3*d + 26 = k, 232*d + 6 = k + 231*d. What is the remainder when g(-2) is divided by k?
5
Let h = -32 - -36. Suppose 4*n - 74 = 5*q, -4*n + h*q + 72 = -0*q. Calculate the remainder when 158 is divided by n.
14
Suppose 86*a - 927 = 163*a - 86*a. What is the remainder when 1540 is divided by a?
98
Let x(z) = -z**3 + 6*z + 6. Let u be x(4). Let p(a) = a**3 + 33*a**2 - 37*a - 46. Calculate the remainder when 277 is divided by p(u).
53
Suppose -31 = 5*j - 151. Let b(k) = k**2 - 185. Calculate the remainder when b(-15) is divided by j.
16
Suppose 166*v - w + 160 = 167*v, 3*w - 329 = -2*v. Let a = -8 + -6. Let f = 36 + a. What is the remainder when v is divided by f?
19
Suppose 0 = 2*h + 6, -5*w - 31*h + 29*h = -114. Calculate the remainder when (5 - -280) + (-1)/1 is divided by w.
20
Let v = -895 + 3972. What is the remainder when v is divided by 8?
5
Let s be (-2)/(-6 - -4) - (-155 - -4). Suppose -s = -2*p - 124. Calculate the remainder when 333 is divided by p.
11
Let n(k) = k**2 - 4*k - 29. Let z be n(8). What is the remainder when 67 is divided by (z + 7 - 0)/1?
7
Suppose 34*p - 8622 - 4774 = 0. Suppose p + 101 = 11*a. Calculate the remainder when 263 is divided by a.
38
Calculate the remainder when 3*((-150410)/(-75) + 78/65) is divided by 223.
222
Suppose 30 = -5*w + g, 10*w - 25 = 11*w - 4*g. Calculate the remainder when w + 120/25 - 301/(-5) is divided by 31.
29
Let y = -1193 - -2005. What is the remainder when y is divided by 37?
35
Let n(y) = -y**3 - 7*y**2 + 6*y - 10. Suppose 5*x + 460 = -5*p, 2*x - 9*p = -8*p - 190. Let f = 120 + x. Calculate the remainder when f is divided by n(-8).
2
Suppose 0 = -4*t, 6*y - 3*y = 5*t + 12. Suppose y*b - 75 = -b - 5*l, 0 = b - l - 11. What is the remainder when 114*(-4 + (-70)/(-15)) is divided by b?
11
Let k = 168 + -162. Suppose -2*r = -k + 2. What is the remainder when (4 + 0)*2/4 is divided by r?
0
Let w = 444 + -442. Suppose -21 = -w*l + y, l + 3*l - 48 = -4*y. Calculate the remainder when 218 is divided by l.
9
Suppose -3*u = -3 - 3. Suppose 4*p - 115 = -u*f - 293, 4*p - 317 = 3*f. Let m = -87 - f. Calculate the remainder when 45 is divided by m.
9
Let b be (6 + 148)*(-6)/(-21). Calculate the remainder when 4/1 + 11/(b/648) is divided by 2.
0
Let t = 28408 + -28306. Calculate the remainder when 1435 is divided by t.
7
Let n = -5499 - -5534. What is the remainder when n is divided by 13?
9
Let h(x) be the first derivative of -21*x**2 - x - 2. Suppose 28*q + 243 - 377 = 286. What is the remainder when h(-1) is divided by q?
11
Let z = 195 + -65. Let q be (1 - -46)/((-14)/(-42)). Let n = q - z. Calculate the remainder when 30 is divided by n.
8
Suppose -2*y - 4*q - 16 = 0, -y - 3 + 11 = -2*q. Suppose 9*m - 14*m + 295 = y. Let z = m - -15. What is the remainder when z is divided by 13?
9
Let a = 18 - 9. Suppose 0*y - 34 = y. What is the remainder when y/(4 + (2 + 0)*-3) is divided by a?
8
Let o = -60 + 64. Suppose 4*l = 2*d + 165 - 41, -o*l - d + 118 = 